e d(8). Let p be 0 - (f/(-2) - 495). Suppose -5*j + 2*j = 2*l - p, -4*l = -3*j - 941. Is l a composite number?
False
Is (1561544/12)/(56/84) a composite number?
False
Let q(a) be the second derivative of 3*a**3/2 - 7*a**2/2 + 4*a. Let x(b) = -8*b + 7. Let i(p) = 2*q(p) + 3*x(p). Is i(-5) prime?
True
Let k be (-12)/(-48) - (-11)/4. Suppose -95 = k*v - 476. Is v composite?
False
Let i = 1 - -4. Suppose -i*s - 2*m = 4, 4*m - 8*m = 5*s + 8. Suppose 4*c + 13 + 8 = 3*j, s = -3*j - 3*c. Is j a composite number?
False
Suppose 3*u - 66418 = 4*s - 9*s, 3*s - 39852 = -3*u. Is s prime?
False
Let b be ((-15)/6)/((-5)/(-40)). Let h = -116 + 167. Let k = h + b. Is k prime?
True
Let f(z) = -2*z**2 + z. Let g be f(3). Let l be 1/(-5) - 78/g. Suppose -2*c - 13 = -4*y + 49, 2*y - 51 = l*c. Is y a composite number?
False
Let n(z) = z**3 - 7*z**2 + z - 7. Let x be (-38)/(-6) - 32/(-48). Let k be n(x). Suppose -t = -k*t - 118. Is t composite?
True
Suppose -2*r + 13 = 5. Suppose -r*b + 0*b + 17348 = 0. Is b prime?
True
Suppose 2*x = -3*x + 15. Suppose -3*i = x*c + 21, 23 = -c - i + 4*i. Let k = 72 - c. Is k a prime number?
True
Suppose -954*g + 17285 = -949*g. Is g prime?
True
Let o be (-26)/(-5) + 11/(-55). Suppose o*x = -8*x + 4901. Is x composite?
True
Is (817002/27)/(2/3) a composite number?
False
Suppose 0 = 4*v + 3*d + 9011 - 31950, 4*v + 5*d = 22933. Is v a prime number?
True
Suppose 5*j - 9 = 3*d - 631, d + j - 202 = 0. Suppose p + p - c - 7 = 0, 4*c = p - 14. Is (d/(-9))/(p/(-3)) a prime number?
False
Let y(k) = 123*k - 2. Let j be y(18). Suppose -3*m + j + 1473 = 5*z, 0 = -5*z + m + 3685. Is z prime?
False
Suppose -3*d = -4*d + 5*b - 6, 2*b = 4*d + 6. Is 0/6 - (0 + d) - -156 a composite number?
False
Suppose 0*k + 1658 = 3*f - 5*k, 3*f + 2*k - 1630 = 0. Let z = f + -5. Is z composite?
False
Let l = 215562 - 37717. Is l prime?
False
Suppose -274*t + 10307 = -263*t. Is t prime?
True
Suppose 361*i - 354*i - 43449 = 0. Is i a composite number?
True
Suppose 5*k - 5*n - 18060 = 0, 64*k - 63*k - 3*n = 3622. Is k composite?
False
Let g(a) be the first derivative of a**3/3 - 3*a**2 - 29*a + 45. Is g(-10) a composite number?
False
Suppose 0 = -3*v + 21 - 9. Suppose v*g - 13 = 3*g. Is g a prime number?
True
Suppose 3*w + 3*k + 3 = -2*k, 5*w - 11 = -3*k. Suppose -3*n - 3*z = -1107, w*z - 3 = 5. Is n a prime number?
True
Suppose 2 - 8 = -k - p, 3*k - p - 10 = 0. Suppose -4 + 1 = -f, 8413 = k*d + 3*f. Is d a prime number?
False
Suppose -2*p - p - 5*r + 10151 = 0, -5*p - 4*r + 16901 = 0. Is p composite?
True
Let b(k) = -k**2 + 10*k - 13. Let v be b(8). Suppose 3*m - 3*t = -2*t + 641, -3*t - 227 = -m. Suppose v*p - 881 = -m. Is p a prime number?
True
Let h be -1 - ((-12)/4 + 1). Is 5327/14 + h/2 a prime number?
False
Suppose 0 = 5*v + 3343 - 59933. Suppose 5*p - v = -2803. Is p a composite number?
True
Let z(l) = l**2 - 5*l + 6. Let k be z(4). Let r be 2/(-4) + (-939)/(-6). Suppose k*x = r - 22. Is x a composite number?
False
Let c be -3 + 6 + -2 + 2. Let t(d) = 5*d + 4*d + c*d**2 + d**2 + 7 + 3*d. Is t(-10) a prime number?
False
Suppose -3*d - 4*o = -2365, 11 - 15 = 2*o. Is d a prime number?
False
Is 18*(-11)/(-66)*(-1954)/(-3) a composite number?
True
Let a(j) = 2*j**2 - 5*j - 11. Suppose -w - 4*h = -0*h, 3*h - 92 = 5*w. Let v = w - -24. Is a(v) prime?
False
Let u be (-2)/2*15/(-3)*1. Suppose -s - i + 225 = -0*i, -u*s + 3*i + 1093 = 0. Is s a prime number?
False
Let j = 2350 - 1578. Let c = 2571 - j. Is c prime?
False
Suppose -3*j + 0*j - 576 = 0. Let b be (-7)/((-7)/4) + -129. Let s = b - j. Is s prime?
True
Let t be (-45)/(-27) + 2/6. Suppose -o = -z - 10, t*o + 2*o - 5*z = 45. Is 2050/o - 3/1 a prime number?
False
Let x(s) be the third derivative of 37*s**5/30 - s**4/12 - s**3/6 - 7*s**2. Is x(3) a composite number?
False
Suppose 4*u - 14 = -2*b, u = -3*b - 2 + 3. Is (b + -2)/(15/(-2935)) a composite number?
False
Let g(o) = o**2 - 7*o + 3. Suppose -2*c = 3*c - 35. Let x be g(c). Suppose -3*d + 269 = x*f + f, 5*f = d + 322. Is f a prime number?
False
Let o(q) = q + 5. Let d be o(-1). Suppose 201 = -d*c + 11309. Is c a prime number?
True
Let b(m) be the second derivative of m**5/20 - 7*m**4/12 - 11*m**3/6 - 5*m**2 + 2*m. Let r(s) = s**2 - 5*s - 57. Let d be r(11). Is b(d) a prime number?
True
Let x(q) = 59*q**2 - q + 19. Is x(6) a prime number?
True
Let z(x) = -10 - 8*x**2 + 3 + 0*x**2 - 2. Let w be z(5). Let n = -112 - w. Is n composite?
False
Let g = 2178 + 1069. Is g composite?
True
Let w = -136 + 1189. Let b = w + -376. Is b composite?
False
Suppose 5*r = 2*i - 3 + 20, 5*r - 4*i - 19 = 0. Suppose r*o - 629 = z, z - 355 = -3*o + 282. Is o prime?
True
Let b(n) = -n**2 - 11*n - 5. Let m be b(-10). Suppose f - 5*y = 15, -f + m = -2*y - 1. Is (-1 + f - -3) + 31 composite?
True
Is 3486/5 + 1/(-5) prime?
False
Suppose 4*v + 18607 = j, 2 = 62*v - 63*v. Is j a prime number?
False
Let v(z) = 147*z**2 + 2. Suppose 9*b = 12*b + 9. Let r be v(b). Suppose -r = -15*l + 10*l. Is l a composite number?
True
Let m = 34 + -32. Is 52/(-12)*(-30)/m a prime number?
False
Suppose -2*g - 12 = -2*n - 4*g, 2*g = -2. Let i(q) = -q**2 + 7*q + 1. Let r be i(n). Is r/(86/(-22) - -4) a composite number?
False
Is 3595 + (0 - -1) + 2 + -5 a prime number?
True
Let n(q) = 6*q**2 - 7*q - 39. Is n(-32) a prime number?
True
Let g = 2 + -80. Let a = 11 - 13. Is a*(-2)/((-8)/g) composite?
True
Let t(a) = a + 16. Let p be t(-8). Let w = p + -15. Let n(h) = -31*h + 1. Is n(w) prime?
False
Let n(c) = c**3 - 10*c**2 - 8*c - 26. Let p be n(11). Is p/(-14)*2*(-1657)/1 prime?
True
Suppose -2*a + 220 + 82 = 0. Suppose 0 = -2*j + 5*g + 28, -a + 15 = -5*j - 4*g. Suppose -j = -2*h + 74. Is h composite?
True
Let y(q) = q**2 + 15*q - 7. Let w be y(-12). Let s = w + 63. Let j = s - 13. Is j a composite number?
False
Suppose 12*c - 82651 = 11*c. Is c a composite number?
False
Suppose 4*k - 5*q - 813 - 13452 = 0, -5*k + 5*q = -17835. Suppose 889 = v + 3*w, 2*w - k = -4*v - 3*w. Let h = -636 + v. Is h a prime number?
False
Let h(u) = u**2 + 2*u + 3. Let w be h(-4). Let p = 9 - w. Let v(o) = 22*o**2 + 3*o + 1. Is v(p) composite?
False
Is ((-2)/3)/(10/(-75135)) prime?
True
Let f(d) = d**3 + 12*d**2 + 3*d + 15. Suppose -3*q + 4*m = 22, -5*q - 46 = -0*q - 2*m. Let g be f(q). Let s = g + -67. Is s a prime number?
False
Let v(k) = 155*k**2 - 7*k - 79. Is v(-14) a prime number?
False
Suppose 0 = w + 4*l + 3, -16 = -6*w + 4*w + 3*l. Suppose -3*v + w + 1 = 0. Suppose j - 40 = -3*p, -60 = -v*j - 5*p + 22. Is j a prime number?
False
Suppose 3*c = -2*c + 35. Let n = 11 - c. Suppose -u = -2*r - 272, n*r - 771 = -3*u + r. Is u a prime number?
False
Let l be 4/(-18) + (-175)/63 - -5. Suppose -224 = -2*o - l*f + 394, -o - 3*f + 317 = 0. Is o composite?
True
Let v = 15 - 22. Let w(b) = -44*b + 6. Is w(v) prime?
False
Let z = -15 - -20. Let b = z + 0. Is (b/15)/(1/249) a composite number?
False
Suppose 0*c = -2*c + 4*s + 1066, 2*s = 4*c - 2138. Suppose -b - 4*b = c. Let h = b - -192. Is h composite?
True
Let n(h) = -h**3 + 2*h - 14. Let v be n(-3). Is 6628/v + (-1)/(-7) composite?
False
Suppose -3*x + 46031 = -5*z - 3070, 0 = 4*x + 2*z - 65468. Is x prime?
False
Let o(f) = 706*f**2 - 75*f - 499. Is o(-6) a prime number?
True
Let d be ((-4)/(-6))/((-2)/(-15)). Let n(s) be the second derivative of 3*s**4/4 - s**3 + 4*s**2 + 23*s. Is n(d) a composite number?
True
Is (1 + -4)/((-3)/2053) a prime number?
True
Let d(y) = -2*y + 18. Let t be d(8). Suppose 2*q = -t*q + 4. Is (4/8)/(q/2302) a prime number?
True
Let i(x) be the third derivative of x**5/15 + 11*x**4/24 - x**3/6 + 12*x**2. Let y be i(11). Is 9/(18/y) + 0 prime?
False
Suppose 108*b - 100*b = 71432. Is b composite?
False
Let c be -1*(-7)/((-7)/(-8)) - 1. Suppose 5*d + c*s - 807 = 3*s, -2*s = -2*d + 330. Is d a prime number?
True
Suppose -5*u = 2*j - 2 + 92, 2*u + 196 = -4*j. Let r = j - -178. Suppose -900 = -4*s + r. Is s a prime number?
True
Let v(i) = -3*i + 7. Suppose -5*y + 0*f = -f + 31, -4*f = 5*y + 51. Let r be v(y). Suppose -r = n - 123. Is n prime?
False
Let f = -57 + 43. Is -10*3123/f + (-12)/(-42) a prime number?
False
Suppose 2*f - 851 - 601 = -2*q, -3*f + 3*q = -2184. Is f prime?
True
Suppose 0 = 4*v - z - 8596 - 4523, -2*v + 2*z + 6552 = 0. Is v prime?
False
Suppose 